pose -2*q + 5*i = -4*q - 18, -12 = 3*i. What is the remainder when (-8)/18*d/(-102) is divided by q?
0
Let f = -89 + 84. Let d = f - -50. Calculate the remainder when 29 is divided by 260/d - (-4)/18*1.
5
Suppose 10*k = 14*k. Let h be 3 + (-8)/(-4) + k. Suppose -9*i + h*g = -10*i + 88, g + 518 = 5*i. Calculate the remainder when i is divided by 26.
25
Let y(s) = -s**3 + 20*s**2 - 75*s + 9. Let u be y(15). Suppose -5*f = 2*z - 34, -4*f - 58 = -4*z - u*f. Calculate the remainder when 263 is divided by z.
11
Suppose -574 = p - 2893. Calculate the remainder when p is divided by 20.
19
Suppose -9*y + 12*y - 147 = 0. Suppose -x - 13 = 5*h + 7, 3*h + 46 = -4*x. What is the remainder when y is divided by (85/x)/(28/(-8) - -3)?
15
Let s(x) = 31*x + 3175. What is the remainder when 107 is divided by s(-100)?
32
Let j = -43 + 67. What is the remainder when (-11)/((-55)/175) - (9 + (4 - 19)) is divided by j?
17
What is the remainder when 54 is divided by 18/((-4)/((-20)/3))?
24
Let f = 73 - 48. Suppose -b = -s + f + 21, -4*s + 144 = 4*b. Suppose -60 = -5*u + 5*g, -4*u + 47 = -2*g - g. What is the remainder when s is divided by u?
8
Let x = 122 + -61. Calculate the remainder when -1*(62/(-434) + 4/(-21))*543 is divided by x.
59
Suppose 0 = -4*z - 507 + 515. Suppose 11*d - 49 = 8*d + 4*a, -3 = -d - z*a. What is the remainder when 97 is divided by d?
9
Let d = -535 + 542. What is the remainder when (-1 + d)*2 + -7 is divided by 5?
0
Let a(o) = -o**3 + 9*o**2 + 32*o - 210. Calculate the remainder when 307 is divided by a(9).
73
Let v = 9506 + -9284. What is the remainder when 1309 is divided by v?
199
Let x(h) = 4*h**2 - 20*h - 59. Calculate the remainder when x(-5) is divided by 116.
25
Suppose 0 = -a + 37 + 15. Let n = -455 - -460. Suppose n*f = 33 + a. What is the remainder when f is divided by 6?
5
Let r = -16 - -13. Let j be 1/r - ((-14320)/15)/8. Suppose -3*z = 4*b - j, z + 112 = 4*b - 3*z. Calculate the remainder when 83 is divided by b.
25
Let b = 3138 + -3081. Calculate the remainder when 676 is divided by b.
49
Let t(u) = -9*u + 97. Calculate the remainder when 246 is divided by t(8).
21
Suppose 0*m = 5*m + 410. Let l = m - -116. Calculate the remainder when (3/7)/((-1578)/(-371882)) is divided by l.
33
Let g = 0 - 0. Calculate the remainder when (-1 - g)/(2/(-16)) is divided by -1 - -8 - (-3 - -5).
3
Let b = -478 + 844. Let z be (b/4)/(11/(-396)). Calculate the remainder when z/(-90) + 2/5 is divided by 20.
17
Suppose 39372 = 5*d - 2*g + 10380, 0 = -5*d - 5*g + 28985. What is the remainder when d is divided by 20?
18
Suppose 5*o - 39 = 1. Let b be ((-99)/6)/(-11)*4/1. Calculate the remainder when (o/b)/((-14)/(-399)) is divided by 14.
10
Let f(c) = 3*c - 9. Let p be f(10). Suppose -x - 262 = -5*r, 0 = 9*r - 10*r - 3*x + 46. What is the remainder when r is divided by (1 + 1)*p/3?
10
Suppose 2*q - 56 = -3*j, 0 = 437*j - 443*j - 5*q + 107. Let d(v) = v**2 + 3*v + 10. What is the remainder when d(-7) is divided by j?
16
Let j(o) = -38*o - 662. What is the remainder when 3606 is divided by j(-18)?
20
Let t(x) = -2*x + 3*x - 18 - 2*x + 23. Let d be t(2). Suppose m - 2*m + d = 0. What is the remainder when 6 is divided by m?
0
What is the remainder when 735 is divided by 15 - (-18 - (-8 - 2))?
22
What is the remainder when -19 - (43 + 20)*-10 is divided by 373?
238
Suppose 0 = -y - 3*n + 141, -354 = -3*y + 5*n + 41. What is the remainder when y is divided by (-44)/(88/(-54)) - -10?
24
Let u(i) = -6*i + 1. Let x be (3 - 1) + (-2 - -1). Let t be u(x). Let h(y) = -y**3 - 2*y**2 + 9*y + 11. Calculate the remainder when 120 is divided by h(t).
38
Let v(p) = 3*p**2 - 5*p + 6. Let s be v(3). Suppose -s*o + 1819 = -1025. Calculate the remainder when o is divided by 32.
30
Suppose -257*v + 100806 = -752948. Calculate the remainder when v is divided by 474.
4
Let a be (30 - (5 - 12/2)) + 5. Let x be ((-63)/((-9)/(-3)))/1. Let o = x + a. What is the remainder when 26 is divided by o?
11
Let r = 177 - 120. What is the remainder when r is divided by (-4)/72*-2 - (-212)/36?
3
What is the remainder when 288 is divided by (-8)/(-22) + 2154/66?
24
Suppose 128 = 19*t - 27*t. Let o(p) = p**3 + 15*p**2 - 24*p - 39. Calculate the remainder when o(t) is divided by 23.
20
Let y = 10918 + -8044. What is the remainder when y is divided by 958?
0
Let c be (-6)/8 + 171/36. Calculate the remainder when 128 is divided by 33 - (0/5)/c.
29
Suppose -5*a + 3*d + 392 = 7*d, -2*a - d = -158. Calculate the remainder when 316 is divided by a.
76
Suppose -13602*y = -13586*y - 2288. What is the remainder when 184 is divided by y?
41
Suppose v = -2*v + 4*w, 5*v + 5*w = -35. Suppose -4*r = -5*l + 10 + 15, 5*l + 2*r = 55. What is the remainder when v - (188/(-10) - 2/10) is divided by l?
6
Let v(q) = q - 9. Let o(y) = y + 1. Let i be o(4). Suppose 4*s - 3*k = 256, s - 41 = -0*s - i*k. What is the remainder when s is divided by v(16)?
5
Suppose 0 = 3*k - 0*u + 3*u + 201, 4*u = 3*k + 215. Let a = k - -176. What is the remainder when a is divided by 5?
2
Let i = 631 - 21. Suppose -5*u - 7*m + 12*m = -i, -4*m + 504 = 4*u. Calculate the remainder when u is divided by 26.
20
Suppose 0 = -2215*r + 2199*r + 160. What is the remainder when 1867 is divided by r?
7
Suppose 3*c + 5*y - 146 = 0, 2*y - 280 = -5*c + y. Suppose 0 = -6*v + v - 4*v + 144. What is the remainder when c is divided by v?
9
Let v = 20809 + -20688. Calculate the remainder when 9800 is divided by v.
120
Let a(j) = j**3 + 48*j**2 - 102*j - 35. Calculate the remainder when 170 is divided by a(-50).
40
Suppose -264 = -19*l + 297 - 29. Calculate the remainder when 462 is divided by l.
14
Let p = 225 + 163. Suppose -p = 13*t - 1129. Calculate the remainder when 112 is divided by t.
55
Let b = -9910 + 10069. What is the remainder when b is divided by -1 - 0 - (-75 - 6)?
79
Let z = 345 - 136. Suppose -449 - z = -7*r. Calculate the remainder when r is divided by 32.
30
Suppose -4*v + 4 - 1 = -3*q, -3*v - 3*q - 3 = 0. Suppose -159*i + 169*i - 380 = v. What is the remainder when (-2 - -4) + 0 + 185 is divided by i?
35
Let x be ((-33)/66)/(3/(-210)). Suppose 22*a + x = 27*a. Calculate the remainder when 153 is divided by a.
6
Let m = -10 + 29. Suppose 2801 = 13*v + 23*v - 3139. What is the remainder when v is divided by m?
13
Suppose n - 15 = -5*z - 2*n, -4*z = -3*n + 15. Suppose z = -12*j + 1058 - 2. Let h(i) = 18*i**2 + i - 1. What is the remainder when j is divided by h(1)?
16
Suppose -43*x - 5830 = -33*x. Let y = x + 604. Calculate the remainder when 32 is divided by y.
11
Suppose 14*i = 9*i - 2*h + 11, 3*i + 2*h = 5. Suppose -5*w - i*x = -52, x = w + 4*x - 8. Calculate the remainder when 41 is divided by w.
8
Calculate the remainder when (53 - 52)/(5/3705) is divided by 283.
175
Let u be (12/9)/(2 - (-220)/(-108)). Suppose 0 = -4*n + 15 + 1. Calculate the remainder when ((-15)/(405/u))/((-2)/(-9)) is divided by n.
2
Let j be 4/(-22) - (-4600)/(-110). Let m = j + 46. Suppose 2*p - 32 = -0*p. What is the remainder when p is divided by m?
0
Let s(k) = -k**2 + 3*k. Let v be s(2). Let m(l) = 11*l - 3. What is the remainder when m(5) is divided by v + (-45)/24 - (-669)/24?
24
Suppose b + 23*u - 20*u = -15, 5*u = 3*b - 81. What is the remainder when 1568 is divided by b?
8
Suppose 7*r - r - 804 = 0. Suppose -164 - 445 = -7*p. Let u = r - p. What is the remainder when u is divided by 16?
15
Suppose 13 + 2 = 5*p. What is the remainder when 2*((-36)/(-33) - 1)/((-42927)/(-2255) - 19) is divided by p?
2
Let o = 195 + -185. What is the remainder when 19 is divided by (108/90)/(2/o)?
1
Suppose -9*o - 6*o = -510. Let l(a) = a. Let w(u) = u**2 + 5*u - 31. Let k(f) = 3*l(f) - w(f). What is the remainder when o is divided by k(-6)?
6
Suppose -2*x + 6*w = w - 258, 0 = -4*x + 2*w + 580. What is the remainder when 315 is divided by x?
17
Let x = 228 - 470. Let u = 249 + x. Suppose 4*o - 2*i - 2*i = 0, -15 = -2*o - 3*i. What is the remainder when u is divided by o?
1
Calculate the remainder when 18940 is divided by 0 + (1 - 4 - -372)/(114/76).
244
Suppose 73*d - 163 = 71*d + 3*v, -v = -2*d + 157. Calculate the remainder when 305 is divided by d.
74
Let v = 15 - 10. Suppose -v*o = -580 + 145. Suppose 92*g - 20 = o*g. What is the remainder when 27 is divided by